er?
False
Let h(c) = -54*c - 78. Let y be h(-2). Suppose -m + v + 596 = 2*m, 5*m - v = 990. Let n = m - y. Is n a prime number?
True
Suppose -3*m - 3*n - 9 = -33, 3*n + 11 = 2*m. Let y(a) = 13*a**3 - 6*a**2 + 4*a - 66. Is y(m) a composite number?
False
Let z = -55 + 86. Let w = z - 33. Is 1309/5 - ((-6)/(-15))/w a composite number?
True
Let p = -14804 - -55959. Is p prime?
False
Let f = -556 - -557. Is (166509/9 + -4)/f composite?
True
Is 331864/72 + (64/72)/(-4) prime?
False
Let u(h) = -135*h + 19*h - 378*h + 17. Let p be u(-7). Suppose p = 5*g - 4*i, -3*g + 2*i - 6*i + 2117 = 0. Is g a prime number?
False
Let u = -5 - -54. Suppose u - 17 = 4*i. Is 36/i*38/3 a prime number?
False
Let n = -306 - -63. Let h = 764 + n. Is h a composite number?
False
Is 1911 - ((-12 + 8)*1 + 12) a composite number?
True
Let r be 2/10 - 30/25*-4. Suppose x - 6*y + 4*y - 2525 = 0, r*y = 20. Is x prime?
False
Suppose 0 = 4*u + 3*y - 1705204, 6*u - 9*u - 3*y + 1278903 = 0. Is u composite?
False
Let w = -1484134 + 2116605. Is w a composite number?
True
Let d(f) be the second derivative of -3*f**3/2 + 921*f**2/2 - 2*f + 30. Is d(0) prime?
False
Suppose 4*m = 5*p + 2093, 435 + 574 = 2*m + 5*p. Suppose m = 2*g - 8889. Is g composite?
False
Let r(k) = 191*k**2 - 11*k - 7. Let d(y) = -193*y**2 + 12*y + 6. Let c(x) = 4*d(x) + 5*r(x). Is c(-3) a composite number?
False
Let f(q) = q**2 - 9*q + 7. Let g be f(7). Let z(l) = l**2 + 9*l + 15. Let d be z(g). Is 53*(-3 - (-5 + d)) composite?
False
Let u = -915727 - -1320392. Is u a prime number?
False
Let p(u) = -u**3 - 18*u**2 - 8*u + 10. Let f be p(-17). Let l = -178 + f. Let m = -164 - l. Is m prime?
True
Suppose 3*l - 2*x + 42980 = -2890, 0 = 3*l - 3*x + 45870. Let c = l + 28317. Is c prime?
False
Suppose 4*c - 2676 + 31020 = 0. Let n = -4753 - c. Is n prime?
True
Let t(u) = 203*u**2 - 90*u - 66. Is t(-19) a prime number?
False
Let o be -105437 - 2/(-2 + 1). Suppose -33*u + 36*u = 0, 3*c - 3*u = -36. Is c/21 - o/63 prime?
False
Suppose 19*u = 10*u + 198. Suppose 142 - u = 8*j. Suppose -5*l - 2650 = -j*l. Is l prime?
False
Suppose 92*u - 109*u = -8823187. Is u composite?
False
Let a(d) = -6*d + 2. Let t be a(-1). Suppose -4*v + t*b = 5*b - 2182, 4*v = b + 2178. Let f = v - 327. Is f prime?
False
Suppose -4*z = -z - 498. Let a(h) = -88*h - 301. Let v be a(-7). Let u = v - z. Is u a prime number?
True
Suppose -23*q - 2 = -24*q. Let z be (-312)/(-1*3/q). Suppose -4*w + z = 2*s, 3*s - 7*w = -3*w + 262. Is s prime?
False
Suppose -51*v - 2*x - 75989 = -52*v, 0 = -4*v - 3*x + 304000. Is v prime?
True
Suppose -54*b = 421484 - 21361334. Suppose 47*y - 22*y = b. Is y composite?
False
Let u = 54229 + 44544. Is u a prime number?
True
Suppose 5*k = -2*b + 7231596, 4*b = 5*k - 250740 - 6980898. Is k a composite number?
True
Suppose -3*n = -5*h - 544226, 337851 = 4*n - 3*h - 387758. Is n composite?
False
Let u(h) = 4*h**2 + 66*h - 30. Let a be u(-17). Let m = -6 + 16. Is (-2)/(-10) + (4832/m)/a a prime number?
False
Suppose 0 = 10*z + 214540 - 976850. Is z a prime number?
True
Let p(x) = -2745*x + 8. Let c be p(-6). Suppose -57*l + 43*l = -c. Is l a prime number?
False
Let p = -36784 - -101267. Is p composite?
False
Suppose 0 = -3*n - 2*t + 66419 + 130820, n = -3*t + 65737. Is n a composite number?
True
Is (-181064)/(-72) + (-16)/(-72) a prime number?
False
Let t be (4/5)/(3/(-15)). Let c be t/(-10) + (-232)/(-20). Suppose c*y = 15*y - 921. Is y composite?
False
Let g be -570*(8 - (-23)/(-2)). Let y = -1021 + g. Is y a composite number?
True
Suppose -4*m + 16 = -2*m. Let f(v) = -153*v - 42. Let l(k) = 77*k + 17. Let z(r) = 4*f(r) + 9*l(r). Is z(m) a prime number?
False
Let r = -25 - -42. Let l be (136*6)/2 - 2. Suppose 15*n - r*n = -l. Is n composite?
True
Let d be (5234/(-8))/((-15)/60). Let m = d + 874. Is m prime?
True
Suppose 0 = 5*v + 31*a - 34*a - 110929, -5*a - 40 = 0. Is v a prime number?
False
Let w(h) = h**3 + 16*h**2 + 16*h + 21. Let j be w(-15). Let r be (-83*(-4)/j)/((-4)/(-126)). Let m = r - 86. Is m prime?
True
Let h(n) = -7*n**3 - n**2 + 3*n - 2. Let t be h(-2). Let f = t - 40. Is 573*(22/(-6) + f) a prime number?
True
Suppose 3*n + 2*b - 23 = -3*b, -2*n - 14 = -4*b. Let l be 105/25 - n/5. Suppose j = 2*j - l*x - 143, 5*x - 15 = 0. Is j prime?
False
Let s(h) = h**2 - 10*h + 4. Suppose -3*x + 18 = -0. Let o be s(x). Is 5/o - 3885/(-4) a prime number?
True
Let w = 142266 - 20428. Is w a prime number?
False
Suppose -4*h - h - 3*r + 1355015 = r, 0 = 3*r. Is h prime?
True
Suppose -5*j = 4*b - 7473, 3*j = 5*b - 10522 + 1227. Let p = b + 1208. Suppose 20*y = 22*y - p. Is y a prime number?
False
Suppose -16*s + 74*s = 6310226. Is s composite?
True
Suppose 43*l - 11240403 - 10678126 = 27135742. Is l composite?
True
Let s(t) = 1368*t**2 - 15*t - 19. Is s(-6) composite?
True
Let d(x) be the first derivative of 547*x**2 - 12*x + 6. Is d(11) prime?
False
Let b = -8129 + 17397. Suppose 0 = 4*q - 5*v - 35, -5*q - 2*v + 21 = 2. Suppose -q*n = -n - b. Is n prime?
False
Let k = -1381125 + 2425022. Is k a prime number?
True
Let y = -27926 - -47914. Let v = y - 8087. Is v a composite number?
True
Let j(p) = 27929*p - 4. Is j(3) prime?
False
Suppose 24 + 31 = 11*z. Is 4420 + (7*-1 - (-20)/z) a prime number?
False
Let p(v) = 53*v**2 - 9*v - 9. Let u(r) = -3*r**3 + 6*r**2 - 7*r - 4. Let q be u(4). Let z = 123 + q. Is p(z) a composite number?
False
Let c be 4/10 - (-46)/10. Suppose -55*v = -49*v - 18. Suppose o - 86 = -3*n, 0 = o - c*n + v*n - 71. Is o prime?
False
Let i(y) = -y**3 + 0*y + y**2 + 2*y - 2 + y + y. Let h be i(2). Suppose h*t = t + 623. Is t prime?
False
Suppose -6*m + 4286 = -4*m. Let x = 5096 - m. Is x prime?
True
Let r = -116 - -122. Suppose -9937 = -r*k - 2335. Is k composite?
True
Suppose -44 = -f - 3*f. Suppose 5*j + 1 = f, 4*v = -3*j + 4246. Is v - 4 - -2 - 9/3 a composite number?
True
Let l(v) = -7*v - 13. Let z be l(-9). Let s be -6*5/z*-6595. Let t = s + -2110. Is t a composite number?
False
Let a = -230140 - -620689. Is a a prime number?
False
Let i = 2923 + 2277. Suppose -i = -3*y + 5579. Is y a prime number?
True
Suppose 5*c = 25, -5*l = -2*l - 4*c - 2998. Let d = 63 + l. Is d a composite number?
False
Let b = 1153137 - 506314. Is b a composite number?
False
Let b = 15 + -12. Suppose 2*y + b*y - 1255 = 0. Suppose -4*a = -3*a - y. Is a a composite number?
False
Let x = -291293 - -970570. Is x prime?
True
Let i = 182 + -179. Suppose i*j + 2*b = 42421, -9755 - 32662 = -3*j - 3*b. Is j prime?
True
Suppose 4*y - 14 = 22. Let x(q) = 11*q**2 - 15*q - 17. Is x(y) prime?
True
Is 128974 + -3 - 43/(602/168) a composite number?
False
Suppose -c = 7 - 2, 5*q = c + 46360. Is q a composite number?
True
Suppose w = 3*w + 4*w. Let c be w - (638 + (0 - 2)). Is (c - -2)/(1 - 3) a composite number?
False
Let w be (1/20*-8)/(1/10). Is 14939 - (0/w)/5 a prime number?
True
Suppose 24831667 - 112246519 = -84*b. Is b a composite number?
True
Let j(q) = -39*q - 34. Let s(r) = 38*r + 30. Let n(i) = 5*j(i) + 6*s(i). Is n(8) a composite number?
True
Let t = -95047 - -299180. Is t composite?
False
Is -30 + 443 - (-3 - -2 - -5) prime?
True
Let a be 0 + (-3 + 10 - 4) + -5. Let y be a - (0 - (0 + 2)). Is (-9148)/(-12)*(3 + y) prime?
True
Let t = -2552 + 4431. Let f = t - 746. Is f composite?
True
Suppose 4*c - 8 = 0, -3*c + 1140 = 2*b - 4*c. Suppose -1 - 17 = -6*g. Suppose g*s = b + 314. Is s prime?
False
Let z(d) = d**2 - 8*d - 2. Let y(k) be the third derivative of k**6/120 - k**5/30 - k**4/24 + 11*k**3/6 + 16*k**2. Let g be y(0). Is z(g) composite?
False
Let b = 6218 - -54371. Is b a composite number?
False
Let t(w) = 3*w**2 - 37*w - 6. Suppose 3*y = 104 - 8. Is t(y) a composite number?
True
Suppose -y - l - 9 + 8 = 0, -5*y + 5*l = 35. Is 4583*6/(-24)*y a prime number?
True
Let p(i) be the second derivative of 476/3*i**4 + 7*i + i**3 + 3/2*i**2 + 0. Is p(-2) a prime number?
True
Suppose -45*g + 6 = -39*g. Is (93 + 0 + g)/(194/5141) a prime number?
False
Let g be (44 + -12)/((-2)/(-4)). Let o = 62 - g. Is -314*(4 - (-13)/o) a composite number?
True
Is 15/(-75)*(-1641064 - 1) a composite number?
False
Suppose h = 5*h - 3*w + 27, -5*w = -5*h - 35. Let q(r) be the second derivative of -59*r**3/3 - 19*r**2/2 - 7*r - 138. Is q(h) a composite number?
True
